t of 1962917588?
8
What is the thousands digit of 123795490?
5
What is the millions digit of 3028836640?
8
What is the tens digit of 496631922?
2
What is the tens digit of 688709057?
5
What is the millions digit of 1244810164?
4
What is the billions digit of 1546723506?
1
What is the ten millions digit of 111621457?
1
What is the thousands digit of 186547896?
7
What is the units digit of 12051131?
1
What is the hundred millions digit of 6628470085?
6
What is the ten millions digit of 225374999?
2
What is the tens digit of 122567416?
1
What is the hundred thousands digit of 612229087?
2
What is the thousands digit of 2448496?
8
What is the ten millions digit of 1205766460?
0
What is the ten thousands digit of 31479350?
7
What is the millions digit of 337494484?
7
What is the ten millions digit of 48744315?
4
What is the units digit of 4101923792?
2
What is the tens digit of 1162833?
3
What is the tens digit of 1628878?
7
What is the units digit of 266933548?
8
What is the units digit of 35333249?
9
What is the hundred thousands digit of 49330427?
3
What is the hundred thousands digit of 7654331304?
3
What is the hundreds digit of 2001654590?
5
What is the millions digit of 122949594?
2
What is the hundred thousands digit of 15282681?
2
What is the hundred millions digit of 3599892288?
5
What is the hundreds digit of 21588361?
3
What is the ten millions digit of 431512734?
3
What is the hundreds digit of 623175933?
9
What is the units digit of 8152503?
3
What is the tens digit of 6715634751?
5
What is the hundred millions digit of 107195037?
1
What is the ten thousands digit of 7982314?
8
What is the thousands digit of 33241195?
1
What is the ten thousands digit of 210788690?
8
What is the millions digit of 12922311?
2
What is the tens digit of 113120417?
1
What is the ten millions digit of 142738939?
4
What is the hundreds digit of 724056141?
1
What is the ten thousands digit of 3926933384?
3
What is the ten millions digit of 479431525?
7
What is the tens digit of 60446877?
7
What is the units digit of 164387652?
2
What is the hundred thousands digit of 269825274?
8
What is the hundred thousands digit of 3317310309?
3
What is the ten millions digit of 120357439?
2
What is the ten thousands digit of 2167179486?
7
What is the hundred thousands digit of 241884627?
8
What is the millions digit of 64680306?
4
What is the ten millions digit of 24487078?
2
What is the units digit of 5799085?
5
What is the millions digit of 1923360349?
3
What is the ten millions digit of 1147645112?
4
What is the ten millions digit of 42277616?
4
What is the ten millions digit of 96333458?
9
What is the hundred millions digit of 127997621?
1
What is the ten millions digit of 1094104636?
9
What is the ten millions digit of 14397130?
1
What is the ten thousands digit of 1895959355?
5
What is the tens digit of 615862043?
4
What is the hundreds digit of 57205162?
1
What is the ten thousands digit of 142468200?
6
What is the hundred thousands digit of 1563371198?
3
What is the tens digit of 30566766?
6
What is the units digit of 5113300053?
3
What is the hundred thousands digit of 38928579?
9
What is the units digit of 103291301?
1
What is the hundreds digit of 81945882?
8
What is the millions digit of 535932980?
5
What is the tens digit of 455889045?
4
What is the hundreds digit of 2652254553?
5
What is the tens digit of 160968196?
9
What is the hundred thousands digit of 83086830?
0
What is the millions digit of 113423698?
3
What is the hundred thousands digit of 1966195267?
1
What is the millions digit of 334163946?
4
What is the ten millions digit of 134177790?
3
What is the hundred thousands digit of 34223684?
2
What is the ten millions digit of 20884764?
2
What is the units digit of 5176198831?
1
What is the ten thousands digit of 20070599?
7
What is the millions digit of 19985523?
9
What is the hundred thousands digit of 166992943?
9
What is the tens digit of 780134644?
4
What is the ten millions digit of 2271231875?
7
What is the hundreds digit of 18617765?
7
What is the thousands digit of 5513663044?
3
What is the units digit of 449616854?
4
What is the hundred thousands digit of 176501017?
5
What is the tens digit of 117203857?
5
What is the millions digit of 84528178?
4
What is the tens digit of 393971955?
5
What is the millions digit of 47674505?
7
What is the millions digit of 223457044?
3
What is the tens digit of 280193178?
7
What is the ten millions digit of 1036377914?
3
What is the hundreds digit of 761086049?
0
What is the ten millions digit of 22767570?
2
What is the ten thousands digit of 5205161791?
6
What is the units digit of 4043036798?
8
What is the thousands digit of 48150837?
0
What is the hundreds digit of 52429502?
5
What is the units digit of 89025392?
2
What is the millions digit of 37216544?
7
What is the millions digit of 383496413?
3
What is the hundreds digit of 1000053760?
7
What is the hundred thousands digit of 1288810226?
8
What is the ten millions digit of 3099760837?
9
What is the hundreds digit of 27998994?
9
What is the millions digit of 1248444028?
8
What is the tens digit of 112687850?
5
What is the ten thousands digit of 2638263566?
6
What is the millions digit of 28506948?
8
What is the millions digit of 313095593?
3
What is the ten thousands digit of 66130359?
3
What is the hundreds digit of 56516550?
5
What is the units digit of 264052930?
0
What is the millions digit of 45035408?
5
What is the hundreds digit of 107831840?
8
What is the tens digit of 371159086?
8
What is the hundred thousands digit of 848139452?
1
What is the thousands digit of 214532358?
2
What is the millions digit of 108499185?
8
What is the hundred millions digit of 7217478431?
2
What is the thousands digit of 3610918?
0
What is the ten thousands digit of 111782034?
8
What is the thousands digit of 124563275?
3
What is the hundred millions digit of 738398566?
7
What is the thousands digit of 271285215?
5
What is the thousands digit of 1299074813?
4
What is the units digit of 99770463?
3
What is the units digit of 262301841?
1
What is the thousands digit of 41010087?
0
What is the units digit of 2955257393?
3
What is the millions digit of 6567630786?
7
What is the billions digit of 4340560587?
4
What is the millions digit of 523775532?
3
What is the ten millions digit of 1166199743?
6
What is the hundred thousands digit of 6066018613?
0
What is the ten millions digit of 5330693831?
3
What is the hundred thousands digit of 668365996?
3
What is the ten thousands digit of 68566370?
6
What is the billions digit of 3095866425?
3
What is the millions digit of 4820573957?
0
What is the hundreds digit of 487589369?
3
What is the hundreds digit of 198332583?
5
What is the units digit of 7755667?
7
What is the thousands digit of 175387101?
7
What is the ten thousands digit of 897067710?
6
What is the millions digit of 2853522424?
3
What is the hundreds digit of 59596970?
9
What is the units digit of 33140403?
3
What is the millions digit of 6039273718?
9
What is the hundred thousands digit of 78414986?
4
What is the ten millions digit of 2144192622?
4
What is the thousands digit of 28798062?
8
What is the hundred thousands digit of 248984196?
9
What is the hundreds digit of 541735761?
7
What is the hundreds digit of 29325730?
7
What is the tens digit of 3462219707?
0
What is the hundred thousands digit of 169073076?
0
What is the thousands digit of 140268899?
8
What is the units digit of 135433259?
9
What is the units digit of 159931441?
1
What is the ten thousands digit of 370312751?
1
What is the thousands digit of 1032056330?
6
What is the millions digit of 353039867?
3
What is the tens digit of 620561474?
7
What is the units digit of 6103272851?
1
What is the ten thousands digit of 2458231581?
3
What is the units digit of 617465486?
6
What is the millions digit of 1550336284?
0
What is the hundred millions digit of 3436394077?
4
What is the hundreds digit of 178802469?
4
What is the units digit of 291136875?
5
What is the units digit of 5493137980?
0
What is the ten thousands digit of 206735777?
3
What is the ten thousands digit of 59058642?
5
What is the millions digit of 99947611?
9
What is the hundred thousands digit of 127330272?
3
What is the thousand